is the remainder when -3 + (3 - -47) + 2 is divided by ((-2)/4)/(13/d)?
10
Let q(y) = -42*y + 682. Calculate the remainder when 17 is divided by q(16).
7
Suppose -4*c + 528 = 5*i - 2072, 4*i - 2081 = -3*c. What is the remainder when i is divided by 66?
62
Let v = -8 - -21. Let y = 940 - 905. Calculate the remainder when y is divided by v.
9
Let y = -227 + 254. What is the remainder when 80 is divided by y?
26
Let t be 5*(2 - (232/20)/(-2)). Suppose 3*n - 4*s = t, -2*s = s. What is the remainder when 63 is divided by n?
11
Let t be (-18)/27 - (-100)/(-3). Let x = t - -21. Let d(y) = -2*y - 9. What is the remainder when 48 is divided by d(x)?
14
Suppose 2*c - 240 + 200 = 0. Calculate the remainder when c is divided by 18.
2
Let z = 9 + -22. Let x = 0 - z. Calculate the remainder when x is divided by 7.
6
Suppose -17*j + 14*j + 603 = 0. Calculate the remainder when j is divided by 29.
27
Calculate the remainder when (-8)/(-3)*(-1647)/(-12) is divided by 53.
48
Let m = 19 + -9. Let h = 22 - m. What is the remainder when (-2 - -6 - 3)*20 is divided by h?
8
Let g = -3 + 7. Let p = 16 - 10. What is the remainder when g/(-6) - (-235)/15 is divided by p?
3
Let y(m) = -m**2 + 24*m - 75. What is the remainder when 198 is divided by y(20)?
3
Let m(f) = f + 20. Let d be 24/(-32) - 63/12. Calculate the remainder when 54 is divided by m(d).
12
Let y(a) = -a + 8. Let g be y(6). Suppose -g*j + 3 - 5 = 0. Calculate the remainder when ((-216)/(-20) - j)*5 is divided by 20.
19
Suppose -2*w + 6 = -0. Suppose 4 = 3*r - 4*g, -2*r = g + g + 2. Suppose q + 4*t + 2 = -r*q, t = 5*q - 32. Calculate the remainder when q is divided by w.
0
What is the remainder when (3/5)/(56/1960) is divided by 11?
10
Suppose 5*q + 3*y + 11 = 71, -5*y = -5*q + 60. What is the remainder when 37 is divided by q?
1
Suppose -23*i = -50*i + 2187. Calculate the remainder when 236 is divided by i.
74
Let r(h) = -h**3 + 10*h**2 + 13*h - 11. Let j be r(11). Suppose 3*f + 5 - j = 0. What is the remainder when 25 is divided by f + 2/6*33?
12
Let d = -34 + 81. Suppose 27 = x - 2*s, 5*s = -0*x - x + 20. What is the remainder when d is divided by x?
22
Suppose -13*f - 45 = -16*f. Suppose -4*v + 4*z = -6*v + 176, 0 = -5*z + f. Calculate the remainder when v is divided by 28.
26
Let q(w) = w**2 + 6*w + 5. Let v be q(-4). Let r(x) = x**2 - 3*x - 4. Let g = 136 - 83. Calculate the remainder when g is divided by r(v).
11
Let k(o) = -2*o + 2. Let g(r) = 1. Let s(u) = -2*g(u) + k(u). Calculate the remainder when 8 is divided by s(-1).
0
Let p = 688 - 566. Calculate the remainder when p is divided by 19.
8
Suppose 3*a - 26 + 330 = 4*s, 0 = 4*s + 4*a - 332. Calculate the remainder when s is divided by 10.
9
Let k(j) = j + 32. What is the remainder when 1790 is divided by k(-18)?
12
Suppose -15*v + 12*v + 18 = 0. Let p(i) = -i**2 - 4*i**3 + 0*i + 2 + 6*i - 5*i. What is the remainder when p(-2) is divided by v?
4
Let q(k) = k**2 - 17*k + 11. Let v be q(-6). Let u = v - 142. Calculate the remainder when u is divided by 3.
1
Let m = -199 - -206. Calculate the remainder when 33 is divided by m.
5
Let m = 25 - 24. What is the remainder when 16 is divided by m/(20/(-5)) - (-29)/4?
2
Let g(a) = a**2 + 2*a - 11. Let q be g(-6). Let c = 31 - q. Calculate the remainder when 18*(-3)/(c/(-22)) is divided by 23.
20
Suppose 0 = 2*d + 2, -2*q = 2*q - 2*d - 250. Suppose 0 = -0*n + 5*n - 105. Calculate the remainder when q is divided by n.
20
Suppose 8*p + 3*m - 834 = 5*p, 544 = 2*p - m. What is the remainder when p is divided by 28?
22
Suppose 6*s - 84 - 96 = 0. What is the remainder when 79 is divided by s?
19
Suppose w - 4*w - 4*x - 7 = 0, 0 = 3*w + 3*x + 3. Let r = 17 + -14. Suppose r*l - 28 = -4*z, -3*l = 5*z + 3 - 35. What is the remainder when z is divided by w?
1
Suppose 5*b = 5*m - 55, -3*m = 15*b - 16*b - 23. What is the remainder when m is divided by 3?
0
Suppose -39*o + 44*o = 40. Suppose o*x + 15 - 119 = 0. What is the remainder when x is divided by 5/(1/1*1)?
3
Suppose 4*l - 6*l - 5*k = -47, l = k + 13. What is the remainder when 75 is divided by l?
11
Let f(o) = o**2 + 154*o + 16. What is the remainder when 1613 is divided by f(0)?
13
Let k(t) = -67*t + 540. What is the remainder when 47 is divided by k(8)?
3
Suppose -17*l + 13*l = -2*v - 84, -4*v = l - 21. Calculate the remainder when 82*(1 + (-1)/2) is divided by l.
20
Let d(p) = -3*p - 8. Let m be d(-4). Suppose -2*v = -q + 148, -2*v = -m*q + 608 - 22. What is the remainder when q is divided by 50?
46
What is the remainder when 1*(0/5 + 16) is divided by 10?
6
Let x(h) = 9*h**2 + 37*h - 6. Calculate the remainder when x(-5) is divided by 26.
8
Suppose 3*u + 10 = -8. Let n(t) = t**2 + 4*t - 1. Let f be n(u). Suppose 0 = 4*b - 75 + f. What is the remainder when 46 is divided by b?
14
Let q(u) = u**3 + 6*u**2 + 6*u + 2. What is the remainder when q(-4) is divided by 5?
0
Suppose -110 + 22 = -8*f. What is the remainder when 142 is divided by f?
10
Suppose 13*s + 64 = 3*q + 18*s, 2*q + 3*s - 42 = 0. Calculate the remainder when 103 is divided by q.
13
What is the remainder when 347 is divided by 368/4232 - (-1 - 297/23)?
11
Let y = -220 + 227. Calculate the remainder when 55 is divided by y.
6
Suppose 39*o - 56*o + 357 = 0. What is the remainder when 70 is divided by o?
7
Let w(r) = -r + 97. What is the remainder when w(4) is divided by 11?
5
Let j(d) = 2*d**3 + 26*d**2 + 20*d + 23. What is the remainder when j(-12) is divided by 8?
7
Let p be 2 + 0 + 1 + (-4 - -5). Suppose 3*q - 44 = p*r, 0*q = -2*q - 2*r + 6. Calculate the remainder when 101 is divided by q.
5
Let c be (-1 - -4)/((-9)/(-6)). What is the remainder when 105 is divided by (5 + 4/(-1))*9*c?
15
Let p be 2/(-15) + (-231)/(-45). What is the remainder when p/(-3) + (-475)/(-15) is divided by 8?
6
Suppose 3*q + 9*t = 4*t + 123, 0 = 4*t - 12. What is the remainder when q is divided by 7?
1
Let d = 46 - 41. Suppose -65 = -d*z - 0*z. Calculate the remainder when 36 is divided by z.
10
Let t(p) = -6*p**3 + 2*p. Let c be t(1). Let o(y) = -2*y**2 + 5*y - 4*y**2 - y**3 - 15*y. What is the remainder when 30 is divided by o(c)?
6
Let v(d) = -d**3 - d**2 + 8*d - 12. What is the remainder when v(-4) is divided by 4?
0
What is the remainder when 53 + 2/(-2 + 1) is divided by ((-52)/3)/((-468)/702)?
25
Let s(o) = o + 15. Let i be s(-11). Let n(t) = t**3 - 15*t**2 + 15*t - 16. Let q be n(14). Calculate the remainder when -66*q/i - -2 is divided by 9.
8
Let k(c) = -c**3 - 22*c**2 + 15*c - 42. What is the remainder when k(-23) is divided by 18?
16
Let j = -53 + -70. Let h = 66 + j. Let g = 124 + h. Calculate the remainder when g is divided by 23.
21
Let z be (-9)/(-3)*(-28)/(-21). Suppose 5*p + w = 48, -z*p - w + 51 = 4*w. Calculate the remainder when 42 is divided by p.
6
Let p(l) = -l**2 + 2*l - 2. Let y be p(7). Suppose 148 = -b + 3*b. Calculate the remainder when b is divided by 7/14 - y/2.
17
Suppose 2*r - 6*r = -140. Let h = 38 - 33. Suppose -4*q = -3*m - 24, -2*m + 5*m + 33 = h*q. Calculate the remainder when r is divided by q.
8
Suppose -3*g - 6 = -4*g. Let a(b) = 15*b - 27. Let z be a(4). Suppose -29*c + z*c - 64 = 0. Calculate the remainder when c is divided by g.
4
Let k = 283 - 270. What is the remainder when 259 is divided by k?
12
Let k(x) = 2*x**2 + 9*x - 14. What is the remainder when k(4) is divided by 15?
9
Let c = -14 - -19. Let q be (-8)/(2 - 6)*2. Suppose 64 = q*w - 4*o, w - 11 = -3*o + 17. What is the remainder when w is divided by c?
4
What is the remainder when 193 + -163 - (1*2)/2 is divided by 17?
12
Suppose -5*v - 3*j + 51 = -22, 2*v = -5*j + 14. Calculate the remainder when 282 is divided by v.
10
Suppose 8*u = 49 + 287. Suppose -4*s + 5*s - 14 = 3*v, -3*s + u = -v. Calculate the remainder when (-78)/(-4)*4/2 is divided by s.
11
Suppose -6 = z - 3*z. Let b be z - ((-4)/(-4) + -2). Calculate the remainder when (2/6)/(b/744) is divided by 21.
20
Let n(c) = 2*c - 36. Let l be n(22). What is the remainder when ((-12)/l)/(6/(-424)) + 0 is divided by 22?
18
Let n = -216 + 218. Let z(q) = 2*q**2 + 4*q. Suppose -7 = 2*t - 1. Calculate the remainder when z(t) is divided by n.
0
Suppose b = -3*r + 18 + 22, b + 5 = 0. Suppose -583 = -4*k - 227. What is the remainder when k is divided by r?
14
Let a b